{"id":77,"date":"2025-01-09T14:57:34","date_gmt":"2025-01-09T13:57:34","guid":{"rendered":"http:\/\/blattwerk.be\/blattwerk\/?page_id=77"},"modified":"2025-01-15T13:48:52","modified_gmt":"2025-01-15T12:48:52","slug":"so-finden-sie-uns","status":"publish","type":"page","link":"https:\/\/blattwerk.be\/blattwerk\/?page_id=77","title":{"rendered":"Wo findet Ihr uns?"},"content":{"rendered":"\n<p class=\"has-medium-font-size\">Ihr findet unser Ladengesch\u00e4ft im Herzen des bekannten Kurortes Bad Elster in der N\u00e4he des Rosengartens und des Luisensees.<\/p>\n\n\n\n<p class=\"has-medium-font-size\">BLATTWERK by Schanettl<br>Johann-Christoph-Hilf-Stra\u00dfe 16<br>08645 Bad Elster<br><br>Telefon: +49 (37437) 39 23<\/p>\n","protected":false},"excerpt":{"rendered":"<p>Ihr findet unser Ladengesch\u00e4ft im Herzen des bekannten Kurortes Bad Elster in der N\u00e4he des Rosengartens und des Luisensees. BLATTWERK by SchanettlJohann-Christoph-Hilf-Stra\u00dfe 1608645 Bad Elster Telefon: +49 (37437) 39 23<\/p>\n","protected":false},"author":4,"featured_media":0,"parent":0,"menu_order":0,"comment_status":"closed","ping_status":"closed","template":"","meta":{"_monsterinsights_skip_tracking":false,"_monsterinsights_sitenote_active":false,"_monsterinsights_sitenote_note":"","_monsterinsights_sitenote_category":0,"footnotes":""},"class_list":["post-77","page","type-page","status-publish","hentry"],"aioseo_notices":[],"_links":{"self":[{"href":"https:\/\/blattwerk.be\/blattwerk\/index.php?rest_route=\/wp\/v2\/pages\/77","targetHints":{"allow":["GET"]}}],"collection":[{"href":"https:\/\/blattwerk.be\/blattwerk\/index.php?rest_route=\/wp\/v2\/pages"}],"about":[{"href":"https:\/\/blattwerk.be\/blattwerk\/index.php?rest_route=\/wp\/v2\/types\/page"}],"author":[{"embeddable":true,"href":"https:\/\/blattwerk.be\/blattwerk\/index.php?rest_route=\/wp\/v2\/users\/4"}],"replies":[{"embeddable":true,"href":"https:\/\/blattwerk.be\/blattwerk\/index.php?rest_route=%2Fwp%2Fv2%2Fcomments&post=77"}],"version-history":[{"count":21,"href":"https:\/\/blattwerk.be\/blattwerk\/index.php?rest_route=\/wp\/v2\/pages\/77\/revisions"}],"predecessor-version":[{"id":485,"href":"https:\/\/blattwerk.be\/blattwerk\/index.php?rest_route=\/wp\/v2\/pages\/77\/revisions\/485"}],"wp:attachment":[{"href":"https:\/\/blattwerk.be\/blattwerk\/index.php?rest_route=%2Fwp%2Fv2%2Fmedia&parent=77"}],"curies":[{"name":"wp","href":"https:\/\/api.w.org\/{rel}","templated":true}]}}