{"id":18,"date":"2025-01-09T13:52:36","date_gmt":"2025-01-09T12:52:36","guid":{"rendered":"http:\/\/blattwerk.be\/blattwerk\/?page_id=18"},"modified":"2025-01-15T01:01:39","modified_gmt":"2025-01-15T00:01:39","slug":"wir-bieten-an","status":"publish","type":"page","link":"https:\/\/blattwerk.be\/blattwerk\/?page_id=18","title":{"rendered":"Was wir Euch bieten:"},"content":{"rendered":"\n<p class=\"has-medium-font-size\">Bei uns im <strong>BLATTWERK <\/strong>k\u00f6nnt Ihr folgende Produkte und Dienstleistungen erwerben. Wir stehen zu unseren \u00d6ffnungszeiten gerne mit Beratung und Ratschl\u00e4gen zur Auswahl und der Umsetzung Eurer W\u00fcnsche bereit.<\/p>\n\n\n\n<p>Unser Augenmerk liegt in der <strong>Floristik<\/strong>. Wir haben nicht ohne Grund <strong>&#8222;Nat\u00fcrlich Blumen.&#8220;<\/strong> auf unsere Fahnen geschrieben.<\/p>\n\n\n\n<ul class=\"wp-block-list\">\n<li>Blumenstr\u00e4u\u00dfe und Gestecke<\/li>\n\n\n\n<li>Bepflanzungen<\/li>\n\n\n\n<li>Tisch- und Eventdekoration<\/li>\n\n\n\n<li>Braut- und Hochzeitsfloristik<\/li>\n\n\n\n<li>Trauerfloristik<\/li>\n\n\n\n<li>Pflanzen f\u00fcr Terassen und Balkonk\u00e4sten<\/li>\n\n\n\n<li>Gew\u00e4chshaus- und Gartenpflanzen<\/li>\n\n\n\n<li>Unser Lieferservice BLATTmobil bringt Eure Bestellungen gerne zu Euch nach Hause. (in der n\u00e4heren Umgebung zu Bad Elster)<br><br><\/li>\n<\/ul>\n\n\n\n<p>Des Weiteren halten wir jede Menge <strong>Geschenke <\/strong>f\u00fcr jeden Anlass, <strong>Dekoartikel<\/strong>, sowie <strong>Souvenirs <\/strong>und <strong>Andenken<\/strong> f\u00fcr unsere Kurg\u00e4ste und Urlauber im BLATTWERK f\u00fcr Euch bereit.<\/p>\n\n\n\n<p>Gerne k\u00f6nnt Ihr Euch einen Latte Macchiato, einen Espresso, <strong>Kaffee<\/strong>, Kakao, oder auch <strong>Erfrischungsgetr\u00e4nke <\/strong>sowie eine Auswahl an kleinen <strong>Snacks <\/strong>f\u00fcr Euren weiteren Stadtbummel durchs sch\u00f6ne Kurbad Bad Elster bei uns mitnehmen und den Tag im Rosengarten genie\u00dfen.<\/p>\n","protected":false},"excerpt":{"rendered":"<p>Bei uns im BLATTWERK k\u00f6nnt Ihr folgende Produkte und Dienstleistungen erwerben. Wir stehen zu unseren \u00d6ffnungszeiten gerne mit Beratung und Ratschl\u00e4gen zur Auswahl und der Umsetzung Eurer W\u00fcnsche bereit. Unser Augenmerk liegt in der Floristik. Wir haben nicht ohne Grund &#8222;Nat\u00fcrlich Blumen.&#8220; auf unsere Fahnen geschrieben. Des Weiteren halten wir &hellip; <\/p>\n","protected":false},"author":1,"featured_media":0,"parent":0,"menu_order":0,"comment_status":"closed","ping_status":"closed","template":"","meta":{"_monsterinsights_skip_tracking":false,"_monsterinsights_sitenote_active":false,"_monsterinsights_sitenote_note":"","_monsterinsights_sitenote_category":0,"footnotes":""},"class_list":["post-18","page","type-page","status-publish","hentry"],"aioseo_notices":[],"_links":{"self":[{"href":"https:\/\/blattwerk.be\/blattwerk\/index.php?rest_route=\/wp\/v2\/pages\/18","targetHints":{"allow":["GET"]}}],"collection":[{"href":"https:\/\/blattwerk.be\/blattwerk\/index.php?rest_route=\/wp\/v2\/pages"}],"about":[{"href":"https:\/\/blattwerk.be\/blattwerk\/index.php?rest_route=\/wp\/v2\/types\/page"}],"author":[{"embeddable":true,"href":"https:\/\/blattwerk.be\/blattwerk\/index.php?rest_route=\/wp\/v2\/users\/1"}],"replies":[{"embeddable":true,"href":"https:\/\/blattwerk.be\/blattwerk\/index.php?rest_route=%2Fwp%2Fv2%2Fcomments&post=18"}],"version-history":[{"count":38,"href":"https:\/\/blattwerk.be\/blattwerk\/index.php?rest_route=\/wp\/v2\/pages\/18\/revisions"}],"predecessor-version":[{"id":483,"href":"https:\/\/blattwerk.be\/blattwerk\/index.php?rest_route=\/wp\/v2\/pages\/18\/revisions\/483"}],"wp:attachment":[{"href":"https:\/\/blattwerk.be\/blattwerk\/index.php?rest_route=%2Fwp%2Fv2%2Fmedia&parent=18"}],"curies":[{"name":"wp","href":"https:\/\/api.w.org\/{rel}","templated":true}]}}